10100010001 (base 2) to base 13.
78a
6a10 (base 11) to base 6
110343
What is 3032 (base 4) in base 16?
ce
What is -3004 (base 5) in base 7?
-1051
Convert 234 (base 5) to base 8.
105
What is -16a (base 14) in base 7?
-563
What is -497 (base 10) in base 5?
-3442
Convert 2130021 (base 4) to base 6.
114133
-7142 (base 8) to base 9
-5041
What is -1718 (base 12) in base 4?
-223010
What is -100034 (base 7) in base 16?
-41c0
What is 263305 (base 7) in base 8?
140061
What is 1345 (base 15) in base 3?
12122102
Convert -878 (base 16) to base 4.
-201320
What is -2022313 (base 4) in base 10?
-8887
What is -21011111 (base 3) in base 7?
-21142
What is -60332 (base 8) in base 16?
-60da
ea3 (base 15) to base 14
12bd
What is -56 (base 16) in base 13?
-68
Convert d6 (base 15) to base 10.
201
Convert 2522 (base 14) to base 13.
2c5b
17064 (base 10) to base 6
211000
What is -3220120 (base 4) in base 15?
-4617
-308ab (base 12) to base 4
-33200003
What is -202245 (base 6) in base 3?
-211001202
What is 7610 (base 8) in base 5?
111401
What is 5b84 (base 13) in base 15?
3c87
What is 114 (base 12) in base 13?
c4
102101 (base 3) to base 11
25a
What is -320 (base 6) in base 12?
-a0
323b (base 14) to base 4
2013211
What is 113301 (base 5) in base 13?
1bb2
6847 (base 10) to base 5
204342
What is 10100101100110 (base 2) in base 12?
6172
-2a6c6 (base 13) to base 11
-55341
575 (base 10) to base 16
23f
-2582 (base 16) to base 4
-2112002
Convert 1bd7 (base 15) to base 2.
1011110100100
What is -455 (base 9) in base 6?
-1422
Convert 61139 (base 10) to base 6.
1151015
What is -72b (base 12) in base 10?
-1043
19219 (base 15) to base 7
456351
450213 (base 6) to base 12
19969
278 (base 11) to base 13
1c2
What is 3d94 (base 16) in base 14?
5a60
What is -fd1b (base 16) in base 7?
-356623
What is 5378 (base 11) in base 15?
2188
-268c (base 15) to base 14
-3000
Convert -1210311 (base 4) to base 3.
-22212000
What is -1014200 (base 5) in base 6?
-205440
-1033 (base 5) to base 14
-a3
Convert -100001100000 (base 2) to base 15.
-97e
What is 188 (base 12) in base 15?
118
Convert -d8 (base 15) to base 3.
-21112
What is 101 (base 3) in base 12?
a
What is 4739 (base 12) in base 2?
1111100011101
12100210 (base 3) to base 7
14253
200021 (base 3) to base 14
273
220021022 (base 3) to base 5
1031233
14b6a (base 14) to base 11
35888
Convert -67743 (base 8) to base 3.
-1110021212
-4501 (base 7) to base 15
-72d
Convert -10300 (base 9) to base 15.
-2039
Convert 521 (base 12) to base 7.
2113
233a9 (base 11) to base 2
1000001111011101
4005 (base 6) to base 13
51b
What is 443 (base 13) in base 4?
23123
What is 22303 (base 4) in base 5?
10231
What is -163140 (base 8) in base 10?
-58976
Convert 128 (base 14) to base 10.
232
Convert -18 (base 15) to base 3.
-212
-237 (base 13) to base 4
-12000
-1110000100000 (base 2) to base 10
-7200
What is 29563 (base 11) in base 4?
22033033
What is 71336 (base 8) in base 3?
1111100010
-89b (base 12) to base 8
-2367
What is 21555 (base 6) in base 8?
5717
What is 7051 (base 12) in base 7?
50305
What is -4025 (base 11) in base 7?
-21413
Convert -a3 (base 13) to base 8.
-205
-15c5 (base 13) to base 10
-3203
Convert -19b2 (base 13) to base 16.
-f17
Convert -11223311 (base 4) to base 2.
-101101011110101
18511 (base 9) to base 2
11001000001000
-21065 (base 10) to base 16
-5249
-13423 (base 5) to base 3
-1112020
11613 (base 9) to base 12
4610
What is 445a (base 12) in base 6?
54554
Convert -368 (base 10) to base 5.
-2433
What is -10356 (base 7) in base 8?
-5035
-22310032 (base 4) to base 2
-1010110100001110
What is -4223 (base 5) in base 15?
-278
What is -1110101100 (base 2) in base 12?
-664
-b18 (base 16) to base 7
-11165
23350 (base 10) to base 9
35024
149 (base 12) to base 9
243
Convert -372 (base 14) to base 11.
-576
Convert -340 (base 10) to base 3.
-110121
11451 (base 7) to base 16
ba0
Convert -5bc6 (base 13) to base 11.
-9854
1043 (base 14) to base 6
20551
52324 (base 6) to base 11
5317
What is 36a5 (base 12) in base 16?
181d
What is -1a504 (base 11) in base 2?
-110111110010000
Convert 607 (base 14) to base 12.
827
Convert -11011221 (base 3) to base 9.
-4157
What is -253 (base 13) in base 4?
-12112
-369 (base 13) to base 4
-21102
8b27 (base 14) to base 10
24143
What is -102d (base 15) in base 9?
-4617
Convert a017 (base 15) to base 14.
c444
What is -31339 (base 10) in base 12?
-16177
Convert 7d9 (base 14) to base 6.
11123
Convert -2166 (base 7) to base 2.
-1100001111
Convert 1b68 (base 12) to base 5.
102032
What is -23240 (base 8) in base 9?
-14506
What is -134311 (base 7) in base 2?
-110001111000001
What is 31231000 (base 4) in base 9?
84884
6905 (base 10) to base 6
51545
Convert 9349 (base 12) to base 14.
5bbb
-1222022010 (base 3) to base 6
-455520
What is -35bc (base 14) in base 4?
-2102202
What is 266 (base 16) in base 8?
1146
What is 3102210 (base 4) in base 8?
32244
-2a9 (base 14) to base 6
-2301
22033 (base 5) to base 3
2002020
What is -132324 (base 5) in base 7?
-21365
12100201 (base 3) to base 10
3907
What is -636 (base 7) in base 6?
-1253
Convert -113 (base 5) to base 2.
-100001
What is -10041 (base 8) in base 16?
-1021
Convert -41133 (base 6) to base 13.
-263a
Convert -caa (base 13) to base 8.
-4170
100015 (base 6) to base 10
7787
Convert -14a8 (base 11) to base 16.
-78d
Convert 1000011011 (base 2) to base 12.
38b
What is -543 (base 8) in base 3?
-111011
What is -616 (base 10) in base 14?
-320
-12121 (base 5) to base 14
-491
-2bd3 (base 15) to base 5
-300143
Convert 2103 (base 8) to base 16.
443
4a5 (base 11) to base 5
4344
Convert -134441 (base 5) to base 7.
-22250
506a (base 16) to base 13
94a7
-34344 (base 5) to base 7
-10133
3210221 (base 4) to base 12
8575
Convert -111100100 (base 2) to base 8.
-744
3203 (base 4) to base 10
227
Convert 341 (base 14) to base 5.
10040
-476 (base 14) to base 8
-1570
What is 56 (base 13) in base 7?
131
2322 (base 7) to base 9
1143
Convert -201133 (base 4) to base 16.
-85f
Convert 441330 (base 5) to base 6.
154235
Convert 20213 (base 10) to base 6.
233325
Convert -1522 (base 6) to base 12.
-2a2
6008 (base 10) to base 8
13570
6635 (base 9) to base 7
20156
618 (base 9) to base 7
1316
Convert 1377 (base 8) to base 14.
3cb
What is -214551 (base 6) in base 2?
-100011000000011
What is -24135 (base 6) in base 3?
-11211012
Convert c19 (base 14) to base 5.
34000
Convert -8ac (base 15) to base 16.
-7aa
What is 16020 (base 12) in base 4?
13212120
What is -37a (base 15) in base 3?
-1002021
What is -218 (base 14) in base 3?
-120100
-1331 (base 9) to base 2
-1111101000
What is -111010110100000 (base 2) in base 11?
-20695
What is 100212210 (base 3) in base 12?
4203
2400321 (base 5) to base 14
11d92
Convert 11130320 (base 4) to base 14.
81cc
Convert 101000001 (base 2) to base 13.
1b9
2012 (base 16) to base 13
3977
Convert 1c0 (base 16) to base 5.
3243
-341541 (base 6) to base 4
-13010011
3505 (base 10) to base 16
db1
Convert -245 (base 10) to base 7.
-500
What is 5321 (base 7) in base 15?
852
What is -1343 (base 11) in base 16?
-6cd
Convert -87a4 (base 13) to base 8.
-44715
What is -10072 (base 10) in base 5?
-310242
Convert 279 (base 10) to base 3.
101100
What is 41504 (base 11) in base 9?
101886
-201122020 (base 3) to base 6
-150140
Convert -1420 (base 13) to base 11.
-21a6
What is 1024 (base 11) in base 6?
10141
What is -34304 (base 5) in base 2?
-100110010110
Convert -666 (base 10) to base 16.
-29a
Convert -2023 (base 10) to base 8.
-3747
What is -3803 (base 9) in base 3?
-10220010
104 (base 10) to base 3
10212
What is 1044 (base 6) in base 3?
100001
What is 75 (base 9) in base 3?
2112
40260 (base 8) to base 13
76cb
Convert -1111110111 (base 2) to base 13.
-601
-1531 (base 10) to base 6
-11031
Convert 20a6 (base 13) to base 8.
10662
Convert 30134 (base 9) to base 16.
4d53
What is 17601 (base 9) in base 14?
45dd
-3120 (base 7) to base 6
-5020
What is 569b (base 12) in base 4?
2112113
Convert 2398 (base 12) to base 9.
5438
What is -2e39 (base 15) in base 16?
-26e2
Convert 3044 (base 5) to base 6.
1503
-368 (base 15) to base 7
-2153
What is 235 (base 14) in base 6?
2011
-1592 (base 15) to base 4
-1020131
Convert 712 (base 15) to base 8.
3070
10a00 (base 11) to base 7
64133
What is 120013 (base 4) in base 16?
607
What is -1001001001 (base 2) in